-69 + -17 + 3.
-12
Calculate -43 - (259 + -252 - (1 + 7)).
-42
Evaluate 43 + -21 + -56 + -4.
-38
What is (56 - (-27 + 64)) + -12 + 10?
17
Evaluate 21 - ((1 - ((-4 - 9) + 8)) + 3 + -4).
16
What is the value of 132 + -416 + 249 - (0 + -47)?
12
What is the value of -8 + (61 + (-4 - 25) - 24)?
0
Evaluate -5 - -58 - 24 - (-4 + 11 - -2).
20
What is the value of (-43 - (17 + -35)) + -64 - -7?
-82
111 - (-137 + 131 - -57)
60
Calculate (-3 + 12 - (64 - (-5 + 15))) + 12.
-33
(5 - 22) + 56 + -54 - -16
1
Calculate -8 - (48 + -52) - (-1 + -30 + 1).
26
What is -27 + 38 + -6 + -2 + 0 + 1 + -82?
-78
What is the value of (-73 - (7 + (-3 - 3) + (0 - -10))) + -9?
-93
Calculate 19 + (56 - -19 - (-2 - 10)).
106
What is (99326 - 99332) + (2 - (1 - (-71 + 2)))?
-74
Calculate 3 - (-4 - (2 + -4)) - (-1458 - -1448).
15
Calculate -113 + 152 + 0 + (-20 - (-7 - -6 - 6)).
26
What is the value of 3 - (10 + -1 + -5) - (7 - -1)?
-9
Calculate 38 - -31 - (-9 + 28 + -16).
66
Evaluate -83 + (151 - 14) - (1 + -1 - 8).
62
-11 + 2 + (-14 - (19 - 38) - 4) + -35
-43
What is the value of 5 - (-65 + (-3 - -6 - -18))?
49
Evaluate -19 - (8 + 1 + -7 + 10 + -11).
-20
Calculate -29 + 10 - (-88 - -3) - -6.
72
What is the value of 16 + 13 + 9 + -42?
-4
-12 + 67 - (64 + -56)
47
-16 - (41 + -62) - (0 + -7 + 2)
10
Calculate (-145 - -136) + (-1 - -94) - (-10 + 24).
70
What is (8 - -13 - 22 - 8) + (-15 - -1)?
-23
Evaluate (-4 - 1) + 11 + (-15 + 23 - 18 - 63).
-67
What is -78 - (-47 + 2) - (-1 - 43)?
11
Calculate 132 + (-22 + -2 - (0 + 2 + -16)).
122
What is (-11 - -3) + 83 + -11 + (-59 - (-72 + 27))?
50
Evaluate 11 - -2 - ((14 - 21) + (-42 - 1)).
63
Calculate -19 + -13 + 43 + -8.
3
-161 - (-3 - (-69 + 121))
-106
Calculate (56 - (59 - (16 + -5))) + 1 + 0.
9
-24 + (-25 - (-8 + 59)) + -16
-116
What is (-8 - 0) + (-1 + -37 - (18 - 21 - 16))?
-27
311 + -323 - (-15 - -1) - -22 - 11
13
-30 - (6 + 6 + (-25 - -12))
-29
Calculate -36 + (-31 - (10 + -8 - 9)).
-60
What is 46 - (31 - -18) - 19?
-22
(23 - (11 - 48) - 47) + -129 + 3 + -1
-114
Calculate -1812 + 1757 - (14 - -2).
-71
-2 + -20 + -123 + 164
19
22 + -165 - (-732 - -690)
-101
What is 19 + 14 + -41 + 7 + (-149 + 2 - 1)?
-149
What is the value of -54 + -2 + -14 + (10 + 13 - -9)?
-38
What is the value of (11 - (21 - (-1 + -10 + 10))) + 48?
37
What is the value of 31 + (33 - 34 - 32) + -1 + 3 + 57?
57
Calculate (-15 - 6) + (1 + -11 - 11).
-42
(126 - -3) + (9 + -20 - (-16 + 19) - -9)
124
What is (20 - 4) + (-27 + -21 - -39)?
7
What is -9 + -26 - (-13 + -3 + -14)?
-5
Calculate 58 - (2 - -2) - (-6 + 5 + (-15 - -11)).
59
Evaluate 12 + (60 - 35) + -45 + -1 + -27.
-36
What is 70 + (-230 - -155) - ((-7 - 1) + 0 + 1)?
2
Evaluate -103 + 219 + -72 - 131.
-87
Calculate 155 + -33 - (83 - -132).
-93
Calculate 36 + -41 + (-25 - -56).
26
What is 1 - 67 - (-381 + 49 + 331)?
-65
Evaluate 23 + -5 - -19 - (-16 + 4).
49
What is the value of 18 + 3 + -39 + 49 + 3 + -19?
15
Calculate -74 + 0 + (-10 - (-38 + 2 + 16 - -6)).
-70
What is -14 + ((2 - 4) + 8 + -7 - -5 - 8)?
-18
1 - -7 - (82 + (-80 - -3))
3
Evaluate 10 - 8 - 1 - (-2 - -2 - 35).
36
-2 + 119 + -1 - (-9 + -7 - (28 + -54))
106
-886 + 947 + (2 - (13 + 1)) + -1
48
(22 + -4 - 12) + -11 + (1 - 39)
-43
9 - (-16 + (-83 - -23))
85
(-142 - -26) + 24 + (30 - 29)
-91
Calculate -21 + ((18 - 43) + 31 - 1).
-16
Calculate (-120 - (-225 + -6)) + 3.
114
Evaluate 508 + -577 - (-29 + 3).
-43
-63 + (-44 - -76) - (2 - -31) - (2 + 1)
-67
(0 - (-41 + 3 + 16)) + -6
16
What is the value of 101 - 56 - 42 - -1?
4
(103 - 33) + (-317 - -380)
133
What is the value of 2 - ((-1 + 7 - 12) + 159 + -163)?
12
What is the value of (1 - (1 + -1 - (-9 - 54 - -2))) + 8?
-52
What is 51 + -3 + -30 + 7?
25
What is the value of (-2 - 3 - 1) + (-49 + 19 - -30) - 43?
-49
Calculate -1 + -60 + 38 + -26 + 8.
-41
What is -2 + (20 - 20) + 27 - (-3 - 14)?
42
Evaluate (-10 - -61 - -77) + -260.
-132
-71 - (-25 + (-32 - 52))
38
Calculate 14 + 4 - (3487 - 3574).
105
Evaluate -49 - -28 - ((3 - 0) + -28) - (0 + 53).
-49
What is the value of (24 - (12 + 1)) + (-47 - -35)?
-1
What is 33 + 34 + 12 + -33 + -84?
-38
Calculate 23 - ((7 - 0) + -2 - (-39 + 51)).
30
Evaluate (-8 - (6 - 38)) + -93 + 72.
3
-5 + 23 + -5 - (227 + -177)
-37
What is (-39 - 7) + 60 + (-69 - (4 - (3 - 3)))?
-59
Evaluate -977 + 949 - (-12 + -2).
-14
-98 + (-82 - (-26 - 75))
-79
-2 - (-2 + 5) - (-30 - -23 - (-12 - -40))
30
What is -13 + (-9 - -11) - (-4 - -4 - 57)?
46
Calculate 67 - (-27 + 45 + -23 - -10).
62
Evaluate 2 + (-6 - ((3 + -2 - 3) + -29)).
27
Calculate 57 - (4 + (-18 - -23) + 20).
28
Calculate -7 + (-3 + 6 - 13 - (7 - 9 - 5)).
-10
What is the value of 15 + -1 + 0 - (-290 - (-124 + -171))?
9
Calculate 9 + (-35 - (-29 + 11)) - (3 - 81).
70
-5 + 4 + (4 - (4 + 7)) + -12
-20
What is the value of -23 + -1 + (64 - -36 - 124)?
-48
87 - 13 - 29 - (0 + 4 + -21 + 6)
56
Calculate 22 + -28 + 10 + 7 + 9 + -43.
-23
Calculate (0 - 2) + 7 + (55 - (-4 - (-61 - 5))).
-2
What is the value of 37 + -1 + 4 + (-2 - -12) - (7 + -2)?
45
What is (1257 - 1276) + 37 + -5 + 9?
22
What is (-145 - -335) + -177 + (20 - (0 - 1))?
34
Evaluate -123 + 36 + 33 + 13.
-41
112 + -284 + 135 + 0 + 53
16
25 - (51 - 31) - (3 - 15)
17
41 - (-2 + 63 + -8)
-12
Evaluate 3 + 7 + (-7 - -2) + 6 + 3 + -74.
-60
What is 50 + -68 + 36 - 54?
-36
38 - (-8 + 28 - -16) - -15
17
Calculate 68 - 79 - (-23 - -2) - (-2 + 19).
-7
-24 - (-18 + (2 + -10 + 19 - 5))
-12
What is the value of -7 + 9 - (-20 + (-3 - (-1 + 4) - -1))?
27
Calculate 0 + -5 + 2 + (-11 - (17 - 124)) + -17.
76
Evaluate 46 + 15 + -193 + -18 + 37.
-113
What is -5 + -35 + 130 + -137 + -33?
-80
Calculate (-1 - (-1 - 1)) + 19 + 7 - (-70 + 63).
34
What is the value of 0 + -92 - (-97 + -13)?
18
What is the value of -3 + 58 + (5 - (13 + 5))?
42
Evaluate -7 + (-2 - -11 - 4) - 65 - -2.
-65
Evaluate 49 + 96 + -156 + -95.
-106
What is 41 - (1 + (57 - 18))?
1
What is 35 + 29 + -49 + -36?
-21
(-5 - (32 - 12 - 5)) + -18
-38
Evaluate (34 - 61 - -48) + -37 + 106.
90
Calculate -19 - -10 - ((-13 - -18) + 13).
-27
What is 77 - ((10 - 14) + -8 + 6) - -20?
103
Calculate -21 - (22 + ((-2 - -20) + 1 - 57)).
-5
What is 5 - 11 - (6 - -18 - -15)?
-45
11 + (10 + -3 - (60 + 5 - -1)) + 9
-39
Calculate 2 + -173 - (854 + -958).
-67
What is the value of 20 + 32 + -104 - -11?
-41
Evaluate -56 - (40 + -22 + -43).
-31
What is (14 - -4) + (-13 - -15) + 44?
64
Evaluate (2 - (-7 - -18) - -22 - 19) + (-6 - 6).
-18
What is the value of 82 - (93 - (-26 - -94))?
57
What is the value of 6 + -13 + 0 + (218 - 226)?
-15
-3 + -2 + -4 - (36 - (-39 + 28 + 35))
-21
What is the value of (-106 - (-135 + 13)) + (16 - 0)?
32
-36 - -18 - (-11 + 7 + 7)
-21
What is the value of 3 + (49 - (0 - (-4 - -1) - (86 - 78)))?
57
Evaluate -28 + -3 + -40 + 4.
-67
What is (0 - (-2 - -13)) + 1 - (-35 - 42)?
67
Evaluate -4 - (9 + 70 + -92).
9
What is (-124 - -113) + (32 - 32) + 0 + -7 + 12?
-6
What is the value of 46 + -44 + 20 - 0?
22
What is -10 + (-17 - (35 + -35))?
-27
Calculate -1 + (4 - -48 - -3 - (-29 + 39)).
44
What is -2 + 2 + 8 - (-3 + -4 + (72 - -5))?
-62
What is the value of -1 - -24 - (1633 + -1587) - 24?
-47
19 + -52 + (-45 + 6 - -37)
-35
Evaluate 7 + 2 + (23 - 29 - (7 - -6) - -72).
62
What is the value of 31 + 25 + -87 + 2 + -3 + 6?
-26
What is -19 - (2 + -8) - (-5 - -4 - (-2 - -3))?
-11
What is 9 + -3 + (-3 - 68 - -24)?
-41
What is the value of (-25 - -105) + -80 + 19?
19
Evaluate 97 + -93 + (27 - 4).
27
What is the value of (8 - (-8 + (9 - (3 - -4)) + 10)) + -28?
-24
Calculate (22 - (24 - 14)) + (0 - 41) + -5 + -1.
-35
What is (5 + -7 - 3 - -4) + (5 - 16) + 31?
19
7 - (0 + 6 + -20 + (-7 - -58) + -19)
-11
Calculate (-7 - (7 - 10)) + 23 + -20 + -13.
-14
What is the value of (-11 - 56) + 160 + -76?
17
(-1 - 4) + -8 - (-38 + 28 + -2)
-1
(-28 + 23 - 9 - (-7 - 0)) + 19
12
What is -21 - (-17 - (-4 + -8 - -4))?
-12
What is -82 - (-42 + 11 + 20)?
-71
What is the value of -111 + 68 + 191 + -43?
105
40 + (-10 - (-7 - (8 + -4)) - 2)
39
49 - ((16 - 21) + 13)
41
-500 + 517 - (132 + 18)
-133
-18 + (53 - 37) + -32 + -20
-54
108 - (-27 + -6 - -10 - (-7 - 4))
120
What is the value of 1 + 9 + (-17 + (4 - -11) - (-4 - -3))?
9
40 - (30 + -35 - -57)
-12
Evaluate (46 - (27 - -26)) + 9.
2
What is -1 + -28 + 5 - -16 - 57?
-65
What is the value of -56 + -5 + -10 + (11 - (-